der when f is divided by 114.
111
Let f = 325 + -373. What is the remainder when 7/((-56)/f) - -57 is divided by 22?
19
Suppose 9 = 2*a - 5, 2*v = -a + 65. Calculate the remainder when v is divided by 16.
13
Let v(c) = 66*c**2 - 37*c - 5. What is the remainder when 1788 is divided by v(1)?
12
What is the remainder when 5251 is divided by 11*13 + (-9)/(279/31)?
139
Let m be -5*(-1 - -2)*-1. Suppose -2*v + w = -391, m*v + 4*w = 1420 - 475. What is the remainder when v is divided by 51?
40
Let s = -37228 - -37280. What is the remainder when 675 is divided by s?
51
Suppose 3*w = -3 + 39. Let x = 261154 + -261068. Calculate the remainder when x is divided by w.
2
Suppose l - 1156 = -3*b + 5*l, 6*l = -3*b + 1176. Calculate the remainder when b is divided by 66.
58
Let k be (8 - (-56)/(-8)) + 2. Suppose -12 = -k*r + 27. What is the remainder when 126 is divided by r?
9
What is the remainder when 311 is divided by ((-105)/(-63))/((-10)/(-828)*2)?
35
Let c = -22 + 287. Suppose 0 = -266*i + c*i + 25. Calculate the remainder when 93 is divided by i.
18
Let w(c) = -44*c + 1758. Calculate the remainder when w(36) is divided by 59.
56
Let y(z) be the third derivative of -z**6/120 - z**5/15 + z**4/12 - 25*z**3/6 - 14*z**2 + 1. Calculate the remainder when 314 is divided by y(-6).
34
What is the remainder when 262 is divided by 1 - -7 - (-116)/2?
64
Let j(t) = -t + 4. Let w be j(0). Let n(z) = -w*z**2 + 3*z**2 + 10 - 4*z**2 + 2*z + 0*z**2 + z**3. Calculate the remainder when 76 is divided by n(5).
16
Let x(q) = 112*q + 2425. What is the remainder when 385 is divided by x(-21)?
20
Suppose -5*z + 7*p = -14158 - 2930, -p + 1 = 0. What is the remainder when z is divided by 118?
115
Suppose 3*k = 21, 5*i - 198*k = -196*k + 4011. What is the remainder when i is divided by 199?
9
Suppose -69177 = -302*o - 7569. Calculate the remainder when 999 is divided by o.
183
Suppose 9*z + 8562 = 13*z - p, -2148 = -z - p. What is the remainder when z is divided by 29?
25
Let r be ((-217)/(-14))/((-2)/(-4)). Suppose 3*d - 159 = 4*i - r, -3*i + 179 = 4*d. What is the remainder when d is divided by (-69)/6*(0 - 2)?
21
Let i = 8413 - 5625. Calculate the remainder when i is divided by 30.
28
Suppose -i - 1640 = 5*z, 3*z + i = -575 - 411. Let y = 346 + z. What is the remainder when y is divided by 9?
1
Let x(n) = -5*n**3 + 108*n**2 - 14*n + 107. Calculate the remainder when x(15) is divided by 333.
329
Let h be 7*1 + 17910/45. Suppose 0 = -11*f + 14*f - h. Calculate the remainder when f is divided by 32.
7
Let t = 1162 + -490. Suppose -59 = 3*v + j + 445, 4*j = 4*v + t. Calculate the remainder when 56 is divided by v/(-6) + 1 + 2 + -1.
26
Let m(z) = z**3 - 33*z**2 + 10*z + 21. Let a = -89 - -122. What is the remainder when m(a) is divided by 8?
7
Suppose 0 = 9*d + 12*d - 297 - 3000. What is the remainder when d is divided by 49?
10
Let f be -21*(1 + 35/(-3)). Suppose -f - 308 = -4*q. Suppose s + 145 = 2*s + 3*b, -s = -3*b - q. Calculate the remainder when s is divided by 35.
34
Let g(n) = n**2 + 3*n + 26. Let d be g(0). Suppose -13 = l - d. Calculate the remainder when 41 is divided by l.
2
Calculate the remainder when (410/123)/((-805)/405 - -2) is divided by 145.
125
Let s(m) = -51*m - 273. Let z = 180 - 106. Suppose -4*k = -z - 46. Calculate the remainder when s(-7) is divided by k.
24
Suppose 0 = 4*o + 22 + 38. What is the remainder when 128 is divided by 20/(-12) + (-415)/o?
24
Let h(o) = -72*o + 7. Suppose -w = -4*n + 9*n + 2, 0 = -3*n - 4*w + 9. What is the remainder when h(n) is divided by 25?
4
Suppose -25 = -5*r, -45*t + r - 9233 = -48*t. What is the remainder when t is divided by 40?
36
Suppose t = -5*j + 442, 141*j + 94 = 142*j + t. Calculate the remainder when j is divided by 22.
21
Suppose 7*w - 5*w - a - 101 = 0, 5*a - 245 = -5*w. Suppose 0 = -0*q + 4*q - 3*f - 200, 0 = -q + 4*f + w. Calculate the remainder when 144 is divided by q.
44
Suppose -g + a + 10 = -0, -4*a + 64 = 4*g. Suppose -11*o = -7*o - 912. Suppose 146*c + o = 148*c. Calculate the remainder when c is divided by g.
10
Let i(u) = u**2 + 4*u + 1. Suppose -2*j = 5*p - 20, -27 = -5*j - 0*p - p. Let y = j + -2. What is the remainder when i(y) is divided by 7?
1
Suppose 303 = l + 4*h, -4*l + 2*h - 3*h = -1182. Let s = -36 - -67. What is the remainder when l is divided by s?
16
Suppose -3*j + 24 = 2*q, -21 = -3*j + 311*q - 314*q. Let s be 6/(-9)*(-24)/(-2). Let r = -5 - s. Calculate the remainder when j is divided by r.
1
Suppose 6*n = 79 + 599. Suppose -n - 99 = -2*z. Calculate the remainder when z is divided by 28.
22
Let g(q) be the first derivative of 3*q**2 + 107*q + 5. Suppose -u + 4*u - z - 155 = 0, 2*z = 2*u - 102. What is the remainder when u is divided by g(-16)?
8
Let o be 3*(5 - 9/3). Let v = 22 + o. What is the remainder when 445 is divided by v?
25
Let h be 1*-1*(0 + -1)*0. Suppose 0*f + f - 3*x = 92, h = -f - x + 96. What is the remainder when f is divided by 20?
15
Suppose -77*y + 2241 + 12774 = 0. Calculate the remainder when 379 is divided by y.
184
What is the remainder when 464 is divided by -1 + 172 - (-860)/(-172)?
132
Suppose -2*o + 4*r = -224, -257*r + 572 = 5*o - 255*r. What is the remainder when 459 is divided by o?
3
Let w = -985 - -1466. Suppose -10*c - 331 = -w. What is the remainder when 1/(-3*3/(-657)) is divided by c?
13
Suppose -5*k + 805 = 2*g, -k - 3*g = -327 + 153. What is the remainder when k is divided by 73?
13
Let h = 30 + 1. Calculate the remainder when (-5400)/135*-8*2/10 is divided by h.
2
Suppose 52*n - 53*n = 0. Suppose 0*v + 4*v = -5*l + 72, n = 3*l - 5*v - 58. Calculate the remainder when 79 is divided by l.
15
Let a = 95 - 80. Let k be ((-48)/a)/(-8)*(6 + -1). Suppose 0 = -5*o + 5, 3*o - 2*o + 29 = k*h. What is the remainder when 43 is divided by h?
13
Let r be ((-11)/(-2) + 5)*26/3. Suppose 0*t = 5*q + t - r, -2*t = -4*q + 70. Calculate the remainder when q + (-3 - 1) - -2 is divided by 6.
4
Suppose 2*l = -o + 7, -5*l + 6 = -4*o - 5. Suppose -s = -h + 61, 5*s + 204 = l*h + 9*s. What is the remainder when 509 is divided by h?
61
Let k(a) = -253*a**3 + 9*a + 10. Let r be k(-2). What is the remainder when 1269 is divided by r/19 - (216/(-114) + 2)?
103
Let c = 6925 - 6503. What is the remainder when c is divided by 145?
132
Let a(y) = 42*y**3 + y - 3. Let m be a(-2). Let f = m - -507. Calculate the remainder when 51 is divided by 5/90*3 + f/12.
9
Suppose 0 = 9*n - 228 - 33. Suppose 5*f - n*f = -264. Calculate the remainder when 35 is divided by f.
2
Suppose 854 = -3*m + 5*m. Suppose -4*p = 3*p - m. Suppose -r = d - p, -5 = 2*d + 3. What is the remainder when r is divided by 14?
9
Suppose -11 = -14*a + 255. Suppose 0*u + 589 = a*u. What is the remainder when u is divided by 16?
15
Calculate the remainder when ((-23)/(-2))/(-13 - 76788/(-5904)) is divided by 90.
86
Suppose -5*p + 4*y = 4 - 8, 3*p = 3*y. Suppose 4*o - 6 = 3*u - 37, -5 = -u - p*o. Let m = 42 - 28. Calculate the remainder when m is divided by u.
5
Let v(y) be the first derivative of 5*y**2 - 2*y + 192. What is the remainder when v(11) is divided by 38?
32
Suppose 106*h - 15*h + 27*h - 1652 = 0. Let b(s) = 8*s**2 + 3*s + 3. Calculate the remainder when b(-2) is divided by h.
1
Let p(l) = -3*l**2 - 36*l - 15. Let x be p(-15). Let v = -88 - x. What is the remainder when v is divided by 11?
7
Suppose 12504 + 31927 = 238*a - 40059. What is the remainder when a is divided by 93?
76
Let i = -3724 + 3767. Calculate the remainder when 258 is divided by i.
0
Let s = -1608 + 1620. What is the remainder when 33 is divided by s?
9
Suppose -1200 = -7*p - 3*p. Suppose 400 = 8*q + p. Calculate the remainder when q is divided by 12.
11
Let l(q) = 7*q**3 - q**2 - q + 3. Let h be l(1). Calculate the remainder when 47 is divided by (-899)/(-124) - 2/h.
5
Suppose 5*t - 170 = 4*j, 3*t + 5*j - 57 = 8. Suppose -3217 = -40*g + 223. Calculate the remainder when g is divided by t.
26
Let d(b) = -1296*b + 3897. Calculate the remainder when 2719 is divided by d(3).
1
Suppose 66*c - 3586 = 1467 + 4649. Let v(y) = 5*y**2 + 2*y - 1. Suppose 9 = -3*b - 0*b. Calculate the remainder when c is divided by v(b).
33
Let z(i) = 210*i + 3359. What is the remainder when 576 is divided by z(-15)?
158
Let i be 65/(-3 + 2) + 0. Let d = i + 78. 